{"id":487,"date":"2021-04-29T07:04:54","date_gmt":"2021-04-29T07:04:54","guid":{"rendered":"https:\/\/docteurgrimmpsychiatre.com\/?page_id=487"},"modified":"2022-05-30T11:43:34","modified_gmt":"2022-05-30T11:43:34","slug":"en-cas-durgences","status":"publish","type":"page","link":"https:\/\/docteurgrimmpsychiatre.com\/?page_id=487","title":{"rendered":"En cas d&rsquo;urgences"},"content":{"rendered":"\t\t<div data-elementor-type=\"wp-page\" data-elementor-id=\"487\" class=\"elementor elementor-487\">\n\t\t\t\t\t\t<section class=\"elementor-section elementor-top-section elementor-element elementor-element-ce0d78f elementor-section-content-middle elementor-section-height-min-height elementor-section-boxed elementor-section-height-default elementor-section-items-middle\" data-id=\"ce0d78f\" data-element_type=\"section\" data-e-type=\"section\" data-settings=\"{&quot;background_background&quot;:&quot;classic&quot;,&quot;shape_divider_top&quot;:&quot;opacity-tilt&quot;,&quot;shape_divider_bottom&quot;:&quot;opacity-tilt&quot;}\">\n\t\t\t\t\t\t\t<div class=\"elementor-background-overlay\"><\/div>\n\t\t\t\t\t\t<div class=\"elementor-shape elementor-shape-top\" aria-hidden=\"true\" data-negative=\"false\">\n\t\t\t<svg xmlns=\"http:\/\/www.w3.org\/2000\/svg\" viewBox=\"0 0 2600 131.1\" preserveAspectRatio=\"none\">\n\t<path class=\"elementor-shape-fill\" d=\"M0 0L2600 0 2600 69.1 0 0z\"\/>\n\t<path class=\"elementor-shape-fill\" style=\"opacity:0.5\" d=\"M0 0L2600 0 2600 69.1 0 69.1z\"\/>\n\t<path class=\"elementor-shape-fill\" style=\"opacity:0.25\" d=\"M2600 0L0 0 0 130.1 2600 69.1z\"\/>\n<\/svg>\t\t<\/div>\n\t\t\t\t<div class=\"elementor-shape elementor-shape-bottom\" aria-hidden=\"true\" data-negative=\"false\">\n\t\t\t<svg xmlns=\"http:\/\/www.w3.org\/2000\/svg\" viewBox=\"0 0 2600 131.1\" preserveAspectRatio=\"none\">\n\t<path class=\"elementor-shape-fill\" d=\"M0 0L2600 0 2600 69.1 0 0z\"\/>\n\t<path class=\"elementor-shape-fill\" style=\"opacity:0.5\" d=\"M0 0L2600 0 2600 69.1 0 69.1z\"\/>\n\t<path class=\"elementor-shape-fill\" style=\"opacity:0.25\" d=\"M2600 0L0 0 0 130.1 2600 69.1z\"\/>\n<\/svg>\t\t<\/div>\n\t\t\t\t\t<div class=\"elementor-container elementor-column-gap-default\">\n\t\t\t\t\t<div class=\"elementor-column elementor-col-100 elementor-top-column elementor-element elementor-element-65935f8\" data-id=\"65935f8\" data-element_type=\"column\" data-e-type=\"column\">\n\t\t\t<div class=\"elementor-widget-wrap elementor-element-populated\">\n\t\t\t\t\t\t<div class=\"elementor-element elementor-element-b9db482 elementor-widget elementor-widget-heading\" data-id=\"b9db482\" data-element_type=\"widget\" data-e-type=\"widget\" data-widget_type=\"heading.default\">\n\t\t\t\t<div class=\"elementor-widget-container\">\n\t\t\t\t\t<h1 class=\"elementor-heading-title elementor-size-default\">En cas d'urgences<\/h1>\t\t\t\t<\/div>\n\t\t\t\t<\/div>\n\t\t\t\t\t<\/div>\n\t\t<\/div>\n\t\t\t\t\t<\/div>\n\t\t<\/section>\n\t\t\t\t<section class=\"elementor-section elementor-top-section elementor-element elementor-element-1387934 elementor-section-boxed elementor-section-height-default elementor-section-height-default\" data-id=\"1387934\" data-element_type=\"section\" data-e-type=\"section\">\n\t\t\t\t\t\t<div class=\"elementor-container elementor-column-gap-default\">\n\t\t\t\t\t<div class=\"elementor-column elementor-col-100 elementor-top-column elementor-element elementor-element-3e77986\" data-id=\"3e77986\" data-element_type=\"column\" data-e-type=\"column\">\n\t\t\t<div class=\"elementor-widget-wrap elementor-element-populated\">\n\t\t\t\t\t\t<div class=\"elementor-element elementor-element-b635c35 elementor-widget elementor-widget-heading\" data-id=\"b635c35\" data-element_type=\"widget\" data-e-type=\"widget\" data-widget_type=\"heading.default\">\n\t\t\t\t<div class=\"elementor-widget-container\">\n\t\t\t\t\t<h2 class=\"elementor-heading-title elementor-size-default\">Les bons r\u00e9flexes en cas d'urgences m\u00e9dicales<\/h2>\t\t\t\t<\/div>\n\t\t\t\t<\/div>\n\t\t\t\t<section class=\"elementor-section elementor-inner-section elementor-element elementor-element-474c3e6 elementor-section-boxed elementor-section-height-default elementor-section-height-default\" data-id=\"474c3e6\" data-element_type=\"section\" data-e-type=\"section\">\n\t\t\t\t\t\t<div class=\"elementor-container elementor-column-gap-default\">\n\t\t\t\t\t<div class=\"elementor-column elementor-col-50 elementor-inner-column elementor-element elementor-element-bb3964a\" data-id=\"bb3964a\" data-element_type=\"column\" data-e-type=\"column\">\n\t\t\t<div class=\"elementor-widget-wrap elementor-element-populated\">\n\t\t\t\t\t\t<div class=\"elementor-element elementor-element-52d34eb elementor-invisible elementor-widget elementor-widget-image\" data-id=\"52d34eb\" data-element_type=\"widget\" data-e-type=\"widget\" data-settings=\"{&quot;_animation&quot;:&quot;fadeInDown&quot;}\" data-widget_type=\"image.default\">\n\t\t\t\t<div class=\"elementor-widget-container\">\n\t\t\t\t\t\t\t\t\t\t\t\t\t\t\t<img fetchpriority=\"high\" decoding=\"async\" width=\"226\" height=\"223\" src=\"https:\/\/docteurgrimmpsychiatre.com\/wp-content\/uploads\/2022\/05\/image-ur.jpg\" class=\"attachment-large size-large wp-image-715\" alt=\"\" \/>\t\t\t\t\t\t\t\t\t\t\t\t\t\t\t<\/div>\n\t\t\t\t<\/div>\n\t\t\t\t\t<\/div>\n\t\t<\/div>\n\t\t\t\t<div class=\"elementor-column elementor-col-50 elementor-inner-column elementor-element elementor-element-99c3f4c\" data-id=\"99c3f4c\" data-element_type=\"column\" data-e-type=\"column\">\n\t\t\t<div class=\"elementor-widget-wrap elementor-element-populated\">\n\t\t\t\t\t\t<div class=\"elementor-element elementor-element-26416e3 elementor-invisible elementor-widget elementor-widget-image\" data-id=\"26416e3\" data-element_type=\"widget\" data-e-type=\"widget\" data-settings=\"{&quot;_animation&quot;:&quot;fadeInDown&quot;}\" data-widget_type=\"image.default\">\n\t\t\t\t<div class=\"elementor-widget-container\">\n\t\t\t\t\t\t\t\t\t\t\t\t\t\t\t<img decoding=\"async\" width=\"200\" height=\"200\" src=\"https:\/\/docteurgrimmpsychiatre.com\/wp-content\/uploads\/2022\/05\/image-urg.jpg\" class=\"attachment-large size-large wp-image-714\" alt=\"\" srcset=\"https:\/\/docteurgrimmpsychiatre.com\/wp-content\/uploads\/2022\/05\/image-urg.jpg 200w, https:\/\/docteurgrimmpsychiatre.com\/wp-content\/uploads\/2022\/05\/image-urg-150x150.jpg 150w\" sizes=\"(max-width: 200px) 100vw, 200px\" \/>\t\t\t\t\t\t\t\t\t\t\t\t\t\t\t<\/div>\n\t\t\t\t<\/div>\n\t\t\t\t\t<\/div>\n\t\t<\/div>\n\t\t\t\t\t<\/div>\n\t\t<\/section>\n\t\t\t\t\t<\/div>\n\t\t<\/div>\n\t\t\t\t\t<\/div>\n\t\t<\/section>\n\t\t\t\t<section class=\"elementor-section elementor-top-section elementor-element elementor-element-2c9dfbf elementor-section-content-middle elementor-reverse-mobile elementor-section-stretched elementor-section-boxed elementor-section-height-default elementor-section-height-default\" data-id=\"2c9dfbf\" data-element_type=\"section\" data-e-type=\"section\" data-settings=\"{&quot;background_background&quot;:&quot;classic&quot;,&quot;stretch_section&quot;:&quot;section-stretched&quot;,&quot;shape_divider_top&quot;:&quot;opacity-tilt&quot;,&quot;shape_divider_bottom&quot;:&quot;opacity-tilt&quot;}\">\n\t\t\t\t\t\t\t<div class=\"elementor-background-overlay\"><\/div>\n\t\t\t\t\t\t<div class=\"elementor-shape elementor-shape-top\" aria-hidden=\"true\" data-negative=\"false\">\n\t\t\t<svg xmlns=\"http:\/\/www.w3.org\/2000\/svg\" viewBox=\"0 0 2600 131.1\" preserveAspectRatio=\"none\">\n\t<path class=\"elementor-shape-fill\" d=\"M0 0L2600 0 2600 69.1 0 0z\"\/>\n\t<path class=\"elementor-shape-fill\" style=\"opacity:0.5\" d=\"M0 0L2600 0 2600 69.1 0 69.1z\"\/>\n\t<path class=\"elementor-shape-fill\" style=\"opacity:0.25\" d=\"M2600 0L0 0 0 130.1 2600 69.1z\"\/>\n<\/svg>\t\t<\/div>\n\t\t\t\t<div class=\"elementor-shape elementor-shape-bottom\" aria-hidden=\"true\" data-negative=\"false\">\n\t\t\t<svg xmlns=\"http:\/\/www.w3.org\/2000\/svg\" viewBox=\"0 0 2600 131.1\" preserveAspectRatio=\"none\">\n\t<path class=\"elementor-shape-fill\" d=\"M0 0L2600 0 2600 69.1 0 0z\"\/>\n\t<path class=\"elementor-shape-fill\" style=\"opacity:0.5\" d=\"M0 0L2600 0 2600 69.1 0 69.1z\"\/>\n\t<path class=\"elementor-shape-fill\" style=\"opacity:0.25\" d=\"M2600 0L0 0 0 130.1 2600 69.1z\"\/>\n<\/svg>\t\t<\/div>\n\t\t\t\t\t<div class=\"elementor-container elementor-column-gap-default\">\n\t\t\t\t\t<div class=\"elementor-column elementor-col-100 elementor-top-column elementor-element elementor-element-f4febe1\" data-id=\"f4febe1\" data-element_type=\"column\" data-e-type=\"column\">\n\t\t\t<div class=\"elementor-widget-wrap elementor-element-populated\">\n\t\t\t\t\t\t<div class=\"elementor-element elementor-element-00be51b elementor-widget elementor-widget-heading\" data-id=\"00be51b\" data-element_type=\"widget\" data-e-type=\"widget\" data-widget_type=\"heading.default\">\n\t\t\t\t<div class=\"elementor-widget-container\">\n\t\t\t\t\t<h2 class=\"elementor-heading-title elementor-size-default\">Que faire et qui appeler ?<\/h2>\t\t\t\t<\/div>\n\t\t\t\t<\/div>\n\t\t\t\t<div class=\"elementor-element elementor-element-fa04921 elementor-invisible elementor-widget elementor-widget-text-editor\" data-id=\"fa04921\" data-element_type=\"widget\" data-e-type=\"widget\" data-settings=\"{&quot;_animation&quot;:&quot;zoomIn&quot;}\" data-widget_type=\"text-editor.default\">\n\t\t\t\t<div class=\"elementor-widget-container\">\n\t\t\t\t\t\t\t\t\t<p><strong>Le SAMU, composez le 15<\/strong><br \/>R\u00e9ponse en direct. <br \/>Urgences M\u00e9dicales. Bless\u00e9s par accident. Malaise dans un lieu public. Accident du travail<\/p><p><strong>Les pompiers, composez le 18<\/strong><br \/>R\u00e9ponse en direct. <br \/>Incendie. Accident de la route. Accident domestique, c\u2019est-\u00e0-dire survenant \u00e0 la maison. Explosion. Intoxication au Gaz ou toxiques. Noyade.<\/p><p><strong>Police et gendarmerie, composez le 17<\/strong><br \/>R\u00e9ponse en direct. <br \/>Accident de la route.<\/p><p><strong>L\u2019urgence, composez le 112<\/strong><br \/>Service centralisateur. <br \/>Num\u00e9ro europ\u00e9en \u00e0 utiliser de pr\u00e9f\u00e9rence depuis un t\u00e9l\u00e9phone mobile. Votre appel sera dirig\u00e9 vers un des services de secours le plus proche.<\/p><p><strong>Important<\/strong><br \/>L\u2019efficacit\u00e9 de l\u2019intervention des secours d\u00e9pend de la pr\u00e9cision de votre appel. Soyez calme, pr\u00e9cis et laissez votre interlocuteur vous poser des questions.<\/p><p><strong>Que dois-je donner comme information ?<\/strong> <br \/>Dans l\u2019ordre, pos\u00e9ment et avec pr\u00e9cision<\/p><ul><li>Je m\u2019identifie<\/li><li>Le num\u00e9ro de t\u00e9l\u00e9phone d\u2019o\u00f9 vous appelez.<\/li><li>Je pr\u00e9cise le lieu d\u2019intervention : L\u2019adresse pr\u00e9cise (ville, commune, lieu-dit, rue, num\u00e9ro, appartement, maison, rue&#8230;).<\/li><li>J\u2019explique simplement ce qui se passe, la personne concern\u00e9e (sexe, \u00e2ge, lien de parent\u00e9 \u00e9ventuel&#8230;), les circonstances.<\/li><li>Je r\u00e9ponds aux questions qui me sont pos\u00e9es, je ne raccroche jamais en premier, je reste \u00e0 l\u2019\u00e9coute de mon interlocuteur.<\/li><\/ul><p><strong>Je souhaite contacter le centre anti poison le plus proche de mon domicile<\/strong><br \/>Les centres Antipoison sont des centres d\u2019information sur les risques toxiques de tous les produits existants, m\u00e9dicamenteux, industriels et naturels. Ils ont un r\u00f4le d\u2019information aupr\u00e8s des professionnels de sant\u00e9 et du public et apportent une aide par t\u00e9l\u00e9phone au diagnostic, \u00e0 la prise en charge et au traitement des intoxications. <br \/>N\u2019attendez pas que les sympt\u00f4mes de l\u2019intoxication apparaissent pour t\u00e9l\u00e9phoner. Appelez la Police ou la Gendarmerie ou \u00e0 d\u00e9faut le 15. <br \/>Consultez le site de l\u2019association des centre antipoison et de toxicovigilance : <a href=\"http:\/\/www.centres-antipoison.net\/\" target=\"_blank\" rel=\"noopener\"><strong>www.centres-antipoison.net<\/strong><\/a><\/p><p><strong>Bon \u00e0 savoir devant un empoisonnement<\/strong><br \/>Ne faites pas boire de lait ! Ne faites pas vomir ! C\u2019est rarement indiqu\u00e9 et parfois m\u00eame tr\u00e8s dangereux. L\u2019efficacit\u00e9 de l\u2019intervention des secours d\u00e9pend de la pr\u00e9cision de votre appel. Soyez calme, pr\u00e9cis et laissez votre interlocuteur vous poser des questions.<\/p><p><strong>En cas de projection d\u2019un produit dangereux dans les yeux ou sur la peau<\/strong><br \/>Rincez imm\u00e9diatement, abondamment et longuement, plusieurs minutes, \u00e0 l\u2019eau claire.<\/p><p><strong>En cas d\u2019\u00e9manation de gaz irritant ou toxique dans un espace ferm\u00e9<\/strong><br \/>A\u00e9rez bien les locaux.<\/p><p><strong>En cas de pollution accidentelle massive, a\u00e9rienne ou hydrique<\/strong><br \/>Suivre les instructions sp\u00e9cifiques diffus\u00e9es par les autorit\u00e9s de sant\u00e9 et pr\u00e9fectorales.<\/p>\t\t\t\t\t\t\t\t<\/div>\n\t\t\t\t<\/div>\n\t\t\t\t\t<\/div>\n\t\t<\/div>\n\t\t\t\t\t<\/div>\n\t\t<\/section>\n\t\t\t\t<\/div>\n\t\t","protected":false},"excerpt":{"rendered":"<p>En cas d&rsquo;urgences Les bons r\u00e9flexes en cas d&rsquo;urgences m\u00e9dicales Que faire et qui appeler ? Le SAMU, composez le 15R\u00e9ponse en direct. Urgences M\u00e9dicales. Bless\u00e9s par accident. Malaise dans un lieu public. Accident du travail Les pompiers, composez le 18R\u00e9ponse en direct. Incendie. Accident de la route. Accident domestique, c\u2019est-\u00e0-dire survenant \u00e0 la maison. [&hellip;]<\/p>\n","protected":false},"author":1,"featured_media":0,"parent":0,"menu_order":0,"comment_status":"closed","ping_status":"closed","template":"","meta":{"site-sidebar-layout":"no-sidebar","site-content-layout":"page-builder","ast-site-content-layout":"default","site-content-style":"default","site-sidebar-style":"default","ast-global-header-display":"","ast-banner-title-visibility":"","ast-main-header-display":"","ast-hfb-above-header-display":"","ast-hfb-below-header-display":"","ast-hfb-mobile-header-display":"","site-post-title":"disabled","ast-breadcrumbs-content":"","ast-featured-img":"disabled","footer-sml-layout":"","ast-disable-related-posts":"","theme-transparent-header-meta":"enabled","adv-header-id-meta":"","stick-header-meta":"","header-above-stick-meta":"","header-main-stick-meta":"","header-below-stick-meta":"","astra-migrate-meta-layouts":"default","ast-page-background-enabled":"default","ast-page-background-meta":{"desktop":{"background-color":"","background-image":"","background-repeat":"repeat","background-position":"center center","background-size":"auto","background-attachment":"scroll","background-type":"","background-media":"","overlay-type":"","overlay-color":"","overlay-opacity":"","overlay-gradient":""},"tablet":{"background-color":"","background-image":"","background-repeat":"repeat","background-position":"center center","background-size":"auto","background-attachment":"scroll","background-type":"","background-media":"","overlay-type":"","overlay-color":"","overlay-opacity":"","overlay-gradient":""},"mobile":{"background-color":"","background-image":"","background-repeat":"repeat","background-position":"center center","background-size":"auto","background-attachment":"scroll","background-type":"","background-media":"","overlay-type":"","overlay-color":"","overlay-opacity":"","overlay-gradient":""}},"ast-content-background-meta":{"desktop":{"background-color":"var(--ast-global-color-5)","background-image":"","background-repeat":"repeat","background-position":"center center","background-size":"auto","background-attachment":"scroll","background-type":"","background-media":"","overlay-type":"","overlay-color":"","overlay-opacity":"","overlay-gradient":""},"tablet":{"background-color":"var(--ast-global-color-5)","background-image":"","background-repeat":"repeat","background-position":"center center","background-size":"auto","background-attachment":"scroll","background-type":"","background-media":"","overlay-type":"","overlay-color":"","overlay-opacity":"","overlay-gradient":""},"mobile":{"background-color":"var(--ast-global-color-5)","background-image":"","background-repeat":"repeat","background-position":"center center","background-size":"auto","background-attachment":"scroll","background-type":"","background-media":"","overlay-type":"","overlay-color":"","overlay-opacity":"","overlay-gradient":""}},"footnotes":""},"class_list":["post-487","page","type-page","status-publish","hentry"],"_links":{"self":[{"href":"https:\/\/docteurgrimmpsychiatre.com\/index.php?rest_route=\/wp\/v2\/pages\/487","targetHints":{"allow":["GET"]}}],"collection":[{"href":"https:\/\/docteurgrimmpsychiatre.com\/index.php?rest_route=\/wp\/v2\/pages"}],"about":[{"href":"https:\/\/docteurgrimmpsychiatre.com\/index.php?rest_route=\/wp\/v2\/types\/page"}],"author":[{"embeddable":true,"href":"https:\/\/docteurgrimmpsychiatre.com\/index.php?rest_route=\/wp\/v2\/users\/1"}],"replies":[{"embeddable":true,"href":"https:\/\/docteurgrimmpsychiatre.com\/index.php?rest_route=%2Fwp%2Fv2%2Fcomments&post=487"}],"version-history":[{"count":89,"href":"https:\/\/docteurgrimmpsychiatre.com\/index.php?rest_route=\/wp\/v2\/pages\/487\/revisions"}],"predecessor-version":[{"id":1541,"href":"https:\/\/docteurgrimmpsychiatre.com\/index.php?rest_route=\/wp\/v2\/pages\/487\/revisions\/1541"}],"wp:attachment":[{"href":"https:\/\/docteurgrimmpsychiatre.com\/index.php?rest_route=%2Fwp%2Fv2%2Fmedia&parent=487"}],"curies":[{"name":"wp","href":"https:\/\/api.w.org\/{rel}","templated":true}]}}